 47441?
22
What is the remainder when 4494232 is divided by 282?
280
Calculate the remainder when 25906675 is divided by 2262.
2251
What is the remainder when 371818634 is divided by 14?
12
Calculate the remainder when 1180329 is divided by 1502.
1259
Calculate the remainder when 258986 is divided by 4873.
717
Calculate the remainder when 188469428 is divided by 1633.
1632
What is the remainder when 34034997 is divided by 300?
297
Calculate the remainder when 509490 is divided by 434.
408
Calculate the remainder when 129776 is divided by 64580.
616
What is the remainder when 752791 is divided by 4113?
112
What is the remainder when 28026538 is divided by 108?
106
What is the remainder when 8292566 is divided by 110567?
41
Calculate the remainder when 1088004 is divided by 3521.
15
What is the remainder when 128126 is divided by 25621?
21
Calculate the remainder when 626 is divided by 297.
32
Calculate the remainder when 304995 is divided by 303246.
1749
What is the remainder when 55348829 is divided by 839?
838
What is the remainder when 14068 is divided by 639?
10
What is the remainder when 10142754 is divided by 24?
18
What is the remainder when 7989235 is divided by 1588?
7
What is the remainder when 10058195 is divided by 170?
145
Calculate the remainder when 611447 is divided by 1470.
1397
What is the remainder when 94143247 is divided by 76?
71
Calculate the remainder when 772258 is divided by 4220.
4218
What is the remainder when 208162 is divided by 51930?
442
What is the remainder when 63988 is divided by 1181?
214
Calculate the remainder when 257240 is divided by 128607.
26
Calculate the remainder when 907348 is divided by 6345.
13
Calculate the remainder when 1533460 is divided by 14331.
43
Calculate the remainder when 5753831 is divided by 37.
35
What is the remainder when 7139292 is divided by 36?
24
Calculate the remainder when 8993957 is divided by 1498992.
5
Calculate the remainder when 8787027 is divided by 147.
102
What is the remainder when 28808 is divided by 64?
8
What is the remainder when 71060744 is divided by 12079?
12066
Calculate the remainder when 45360048 is divided by 552.
0
Calculate the remainder when 148281 is divided by 1060.
941
What is the remainder when 301403 is divided by 494?
63
What is the remainder when 1159174 is divided by 1?
0
Calculate the remainder when 1876333 is divided by 469074.
37
What is the remainder when 817283 is divided by 4127?
137
What is the remainder when 978754 is divided by 7143?
163
Calculate the remainder when 1916870 is divided by 1161.
59
Calculate the remainder when 2527215 is divided by 19899.
42
What is the remainder when 786344 is divided by 392310?
1724
What is the remainder when 52169 is divided by 49418?
2751
What is the remainder when 5461270 is divided by 91?
87
What is the remainder when 104945 is divided by 195?
35
What is the remainder when 225980 is divided by 75286?
122
Calculate the remainder when 5460615 is divided by 780086.
13
What is the remainder when 257820 is divided by 46?
36
Calculate the remainder when 153069 is divided by 10183.
324
Calculate the remainder when 4338303 is divided by 1084572.
15
Calculate the remainder when 828276 is divided by 307.
297
Calculate the remainder when 17821441 is divided by 43895.
71
Calculate the remainder when 416047 is divided by 147.
37
Calculate the remainder when 136486005 is divided by 682430.
5
Calculate the remainder when 441553669 is divided by 5506.
5505
Calculate the remainder when 86888 is divided by 43427.
34
What is the remainder when 5441630 is divided by 1679?
1670
Calculate the remainder when 17930960 is divided by 33144.
56
Calculate the remainder when 2773977 is divided by 934.
931
What is the remainder when 1643174 is divided by 115?
54
What is the remainder when 1276273 is divided by 733?
120
Calculate the remainder when 738896 is divided by 4318.
518
Calculate the remainder when 3123562 is divided by 12494.
62
Calculate the remainder when 12450 is divided by 6148.
154
Calculate the remainder when 795567297 is divided by 12.
9
Calculate the remainder when 1098339 is divided by 637.
151
What is the remainder when 465032 is divided by 4844?
8
Calculate the remainder when 2015730 is divided by 55992.
18
Calculate the remainder when 406504 is divided by 200980.
4544
What is the remainder when 232838842 is divided by 116419418?
6
What is the remainder when 6389174 is divided by 325?
324
What is the remainder when 77930 is divided by 34747?
8436
Calculate the remainder when 331008 is divided by 1149.
96
What is the remainder when 1148541 is divided by 775?
766
What is the remainder when 119471 is divided by 119441?
30
Calculate the remainder when 1362677 is divided by 79.
6
Calculate the remainder when 148120 is divided by 2038.
1384
Calculate the remainder when 7866159 is divided by 2081.
2060
What is the remainder when 7307 is divided by 1496?
1323
Calculate the remainder when 8538778 is divided by 666.
658
Calculate the remainder when 316515 is divided by 5471.
4668
Calculate the remainder when 296734 is divided by 98906.
16
What is the remainder when 256709 is divided by 1239?
236
What is the remainder when 654481 is divided by 3522?
2911
What is the remainder when 98775698 is divided by 6031?
6011
What is the remainder when 265797 is divided by 239?
29
What is the remainder when 1672799 is divided by 2279?
13
Calculate the remainder when 1880514 is divided by 375772.
1654
Calculate the remainder when 52031606 is divided by 788357.
44
What is the remainder when 1164243 is divided by 119?
66
Calculate the remainder when 17326344 is divided by 103.
96
Calculate the remainder when 80796217 is divided by 10710.
10687
What is the remainder when 31144176 is divided by 17992?
24
What is the remainder when 588181 is divided by 73520?
21
What is the remainder when 42159 is divided by 71?
56
What is the remainder when 2346983 is divided by 64?
39
Calculate the remainder when 83139 is divided by 20784.
3
Calculate the remainder when 21853213 is divided by 56.
53
What is the remainder when 49089947 is divided by 2275?
2272
Calculate the remainder when 18728687 is divided by 132.
131
Calculate the remainder when 4527182 is divided by 440.
22
What is the remainder when 78535 is divided by 1239?
478
Calculate the remainder when 2046307 is divided by 259.
207
Calculate the remainder when 14350214 is divided by 382.
2
What is the remainder when 51439 is divided by 1324?
1127
What is the remainder when 22705786 is divided by 14?
12
What is the remainder when 41645 is divided by 12075?
5420
Calculate the remainder when 1570711813 is divided by 6795.
6793
What is the remainder when 52364 is divided by 6544?
12
Calculate the remainder when 6306321 is divided by 1059.
1035
What is the remainder when 1089789 is divided by 623?
162
Calculate the remainder when 24914977 is divided by 115347.
25
Calculate the remainder when 6652249 is divided by 17.
13
Calculate the remainder when 718117 is divided by 311.
18
Calculate the remainder when 187730451 is divided by 514330.
1
Calculate the remainder when 1274260 is divided by 1487.
1388
Calculate the remainder when 81931 is divided by 2298.
1501
What is the remainder when 1774296 is divided by 39?
30
Calculate the remainder when 38536837 is divided by 1482186.
1
Calculate the remainder when 5617122 is divided by 21.
0
Calculate the remainder when 8472757 is divided by 1625.
7
Calculate the remainder when 739365 is divided by 70.
25
Calculate the remainder when 923741 is divided by 4684.
993
Calculate the remainder when 1749712 is divided by 132.
52
What is the remainder when 281274 is divided by 8738?
1658
What is the remainder when 21093541 is divided by 2636691?
13
What is the remainder when 3814907 is divided by 771?
770
What is the remainder when 549768 is divided by 737?
703
What is the remainder when 20674555 is divided by 785?
10
What is the remainder when 268646901 is divided by 72?
69
Calculate the remainder when 326463 is divided by 21761.
48
What is the remainder when 32575363 is divided by 81?
79
What is the remainder when 374180997 is divided by 50?
47
What is the remainder when 28912 is divided by 3136?
688
Calculate the remainder when 1009369 is divided by 216.
1
